s 2463907 composite?
False
Is 1364767 a composite number?
True
Is 24210773 a prime number?
False
Is 22694941 a prime number?
True
Is 130538279 a prime number?
True
Is 73015897 prime?
False
Is 84769487 prime?
False
Is 217600531 prime?
True
Is 1543193 composite?
True
Is 1211381 composite?
False
Is 241294649 a composite number?
True
Is 2186909 prime?
False
Is 2055917 a composite number?
False
Is 40785883 a prime number?
False
Is 2218973 a prime number?
False
Is 8737979 prime?
True
Is 37015697 composite?
False
Is 5525327 composite?
False
Is 3605473 composite?
False
Is 103599937 composite?
True
Is 26111593 composite?
False
Is 293221 composite?
False
Is 14527687 composite?
False
Is 963413 a composite number?
True
Is 6922385 a prime number?
False
Is 134370217 prime?
True
Is 4368107 a composite number?
False
Is 16303717 a prime number?
False
Is 159834307 composite?
False
Is 135661 a prime number?
True
Is 21199457 a composite number?
False
Is 8065703 a prime number?
False
Is 38843873 prime?
True
Is 388723 a prime number?
False
Is 135815695 a prime number?
False
Is 14634317 a composite number?
False
Is 212151013 prime?
False
Is 20381549 a composite number?
False
Is 137800051 composite?
False
Is 389803493 a prime number?
True
Is 20204287 a prime number?
False
Is 16752781 prime?
False
Is 118912201 a prime number?
True
Is 96678719 composite?
False
Is 6039311 a composite number?
True
Is 20024671 composite?
False
Is 11966641 a composite number?
False
Is 15950159 composite?
False
Is 33055031 a prime number?
False
Is 381778829 prime?
True
Is 2150791 a composite number?
False
Is 174256367 a composite number?
True
Is 33709607 composite?
False
Is 3510151 composite?
False
Is 2277889 a prime number?
True
Is 46112819 a composite number?
False
Is 294124511 prime?
True
Is 5264417 a composite number?
False
Is 29764711 a composite number?
False
Is 8161243 a prime number?
True
Is 14341 composite?
False
Is 424955 prime?
False
Is 475469 a prime number?
True
Is 433144337 a composite number?
False
Is 31965173 a composite number?
False
Is 3989599 a composite number?
True
Is 129319859 a prime number?
True
Is 559297 composite?
False
Is 2925299 a prime number?
False
Is 2500241 a composite number?
True
Is 97829071 composite?
False
Is 8313079 a composite number?
True
Is 32530478 a composite number?
True
Is 3860305 a prime number?
False
Is 1547383 a composite number?
False
Is 80203613 prime?
False
Is 9024527 a composite number?
False
Is 2539129 prime?
False
Is 41360285 prime?
False
Is 19997753 prime?
False
Is 2864119 a prime number?
False
Is 16147849 composite?
True
Is 400727 prime?
False
Is 164128331 a composite number?
False
Is 116911699 prime?
False
Is 281583581 a prime number?
False
Is 252865315 a composite number?
True
Is 276840947 composite?
False
Is 139807 prime?
False
Is 523343921 composite?
True
Is 4729979 composite?
False
Is 65144219 prime?
False
Is 1272724279 a prime number?
True
Is 22742695 a composite number?
True
Is 5273449 a composite number?
False
Is 235372793 a composite number?
True
Is 124277 a prime number?
True
Is 34513555 composite?
True
Is 1641441149 composite?
False
Is 700171 a composite number?
False
Is 5164279 prime?
False
Is 223981 a composite number?
True
Is 63161159 a prime number?
False
Is 4592059 a prime number?
True
Is 116910137 composite?
False
Is 35617327 composite?
False
Is 10297246 prime?
False
Is 111379 a composite number?
True
Is 1520033 composite?
True
Is 34281794 composite?
True
Is 44126921 composite?
True
Is 18007881 a composite number?
True
Is 13847683 a prime number?
True
Is 549438551 a composite number?
True
Is 2401927 a prime number?
False
Is 402958313 a prime number?
True
Is 7569829 prime?
False
Is 1318517 a composite number?
False
Is 74872807 a composite number?
True
Is 171718753 a composite number?
True
Is 2799337 prime?
False
Is 11345249 composite?
True
Is 25069589 a prime number?
True
Is 260364331 prime?
True
Is 50171 composite?
True
Is 19609042 a composite number?
True
Is 3165847 prime?
True
Is 83852759 composite?
True
Is 901811 a prime number?
True
Is 5337986 prime?
False
Is 1914683 a prime number?
False
Is 11570511 prime?
False
Is 125660417 a prime number?
False
Is 364069 a composite number?
False
Is 99043361 a prime number?
True
Is 1046897 a composite number?
False
Is 3707673 composite?
True
Is 134787821 composite?
True
Is 19223183 composite?
True
Is 135031207 a prime number?
True
Is 840023 composite?
False
Is 276539689 composite?
False
Is 75385006 a prime number?
False
Is 5881043 a prime number?
False
Is 1191589 a composite number?
True
Is 5344337 a composite number?
True
Is 575801 a composite number?
True
Is 8524247 a prime number?
True
Is 1354618 prime?
False
Is 988873 prime?
False
Is 294995137 a composite number?
True
Is 3254065 a composite number?
True
Is 897721 prime?
False
Is 12921067 composite?
True
Is 2369251 composite?
False
Is 5906234 a composite number?
True
Is 87513007 composite?
False
Is 125087951 composite?
True
Is 166131281 prime?
True
Is 13523849 a composite number?
True
Is 1665317 composite?
False
Is 9107429 a prime number?
True
Is 8904487 composite?
False
Is 237586561 prime?
True
Is 422117 a prime number?
False
Is 3774061 a composite number?
False
Is 12308467 prime?
True
Is 4351279 a prime number?
True
Is 105169 composite?
True
Is 1374621 prime?
False
Is 20190277 a prime number?
True
Is 1588439 a composite number?
False
Is 203827777 a prime number?
True
Is 74172613 a composite number?
False
Is 30515099 a prime number?
True
Is 619379 composite?
True
Is 9957677 a composite number?
False
Is 21408483 a prime number?
False
Is 7529591 prime?
False
Is 4440811 a prime number?
False
Is 300884833 prime?
True
Is 5095918 a prime number?
False
Is 37734217 composite?
True
Is 444755 composite?
True
Is 68288647 prime?
False
Is 220036441 prime?
True
Is 3838313 a prime number?
False
Is 6208949 composite?
False
Is 4527079 a composite number?
False
Is 10579594 a prime number?
False
Is 362513 a composite number?
True
Is 663029 a composite number?
True
Is 47175749 a composite number?
False
Is 58122061 a composite number?
True
Is 478708894 a prime number?
False
Is 47828597 prime?
True
Is 6532171 a composite number?
False
Is 8344433 composite?
True
Is 46219 a composite number?
False
Is 691859 a prime number?
False
Is 18783661 composite?
True
Is 349314659 composite?
True
Is 15483926 prime?
False
Is 30143611 a prime number?
True
Is 3450769 prime?
False
Is 58129 prime?
True
Is 348083 a composite number?
False
Is 201583829 a composite number?
False
Is 323725169 composite?
True
Is 11330771 a composite number?
False
Is 596897339 composite?
False
Is 192196349 a composite number?
True
Is 34637 a prime number?
False
Is 50937242 composite?
True
Is 1934483 a composite number?
False
Is 3602149 a prime number?
True
Is 1321892489 prime?
True
Is 3895667 a prime number?
True
Is 11427905 a prime number?
False
Is 1004903 composite?
False
Is 17065677 composite?
True
Is 1153583 a prime number?
False
Is 19450643 a composite number?
True
Is 7406563 a composite number?
False
Is 6375777 a composite number?
True
Is 1072261 prime?
False
Is 3155 a composite number?
True
Is 6475477 prime?
False
Is 49127797 a prime number?
True
Is 781021 prime?
True
Is 283529 composite?
True
Is 58023233 a composite number?
True
Is 9633521 a composite number?
False
Is 155134767 composite?
True
Is 6687965 prime?
False
Is 52535947 prime?
True
Is 130601923 composite?
False
Is 7962109 prime?
False
Is 594359 a prime number?
True
Is 17267989 prime?
False
Is 80492723 composite?
True
Is 621187 a composite number?
True
Is 11688511 composite?
True
Is 68834305 prime?
False
Is 1476089 prime?
True
Is 145510331 a composite number?
False
Is 136265 a prime number?
False
Is 57003539 a prime number?
True
Is 84284777 a prime number?
True
Is 647809 composite?
False
Is 567545701 prime?
False
Is 2343487 composite?
False
Is 58688467 composite?
True
Is 123916237 a composite number?
True
Is 113012609 composite?
True
Is 1524179 prime?
True
Is 20119303 prime?
True
Is 58143109 prime?
False
Is 83849579 a prime number?
False
Is 32554363 a prime number?
True
Is 3499673 composite?
False
Is 21678523 a prime number?
False
Is 3464081 composite?
True
Is 3719239 a prime number?
True
Is 27977981 a composite numbe